 What is l(-6)?
-31
Suppose 42 = 27*c - 12. Let u(b) = -b**3 + 4*b**2 + b - 2. Calculate u(c).
8
Let a be (-2)/6*40*(-3)/2. Suppose -23 + a = -c. Let y(q) = -q + 3. Give y(c).
0
Let c = 1 + -4. Let a = c - -6. Suppose a*o + r = -19, -3*o + 2*o - 11 = 5*r. Let v(n) = -n - 7. What is v(o)?
-1
Let a(w) be the first derivative of w**3/3 + 3*w**2/2 - 8*w + 10. Let h be 3 + (4 - 2)/(6/(-27)). Calculate a(h).
10
Let i = -19 + 12. Let u(q) = q**2 - 12 + 2*q**2 - 4*q**2 - 11*q. Let t(a) = -a**2 - 10*a - 11. Let r(w) = i*t(w) + 6*u(w). Determine r(-5).
10
Let g = 7 - -18. Let d be (-1)/(6/(-4))*(g + -34). Let z(p) = -p - 7 - 3*p - p**2 - 4*p. Give z(d).
5
Let h(g) be the third derivative of -g**6/120 - 7*g**5/60 - 7*g**4/24 - 13*g**3/6 - 426*g**2. Give h(-6).
-7
Let t(o) = -o**2 - 2*o + 7. Let h(j) = -2*j + 4. Let f be h(4). Let v be t(f). Let g(b) = b**2 + 2*b + 1. Calculate g(v).
0
Suppose -13*z = 100 + 43. Let i(v) = v**2 + 14*v + 24. Determine i(z).
-9
Suppose 3*y = x - 18, 2*x - 21 = y + 2*y. Suppose x*j - 5*a = -8, -j - a - 16 = -6*a. Let z(t) = -7 - t**2 - j*t + 6*t - 9*t. Calculate z(-6).
-1
Let l = 20 + -15. Suppose -l*y = -y. Let x(k) = -k - 11. Let u(b) = 2*b + 22. Let p(a) = 4*u(a) + 7*x(a). Calculate p(y).
11
Let o(r) be the second derivative of 0 - 2*r - 2*r**2 + 1/3*r**3. Determine o(6).
8
Let p = 179 + -180. Let m(h) = -46*h**2 - h. Give m(p).
-45
Let q(c) = c. Let p(b) = -b - 1. Let d be p(-6). Let f be 4/(-1) - (d + 0). Let m be 2/f + 12/54. Calculate q(m).
0
Let g(p) = -4*p. Suppose k + 17 = -q + 20, -5*k + 9 = -q. Give g(q).
-4
Let y(g) = -21 + 3*g - 8 + 36. Suppose -3*r + 7*r = -20. Give y(r).
-8
Let r(m) = -m**2 - m. Let l(i) = i**2 + i. Let v(g) = 4*l(g) + 5*r(g). Let n be 1*(-4)/(-8)*0. Calculate v(n).
0
Let s(o) = 2 - 2*o + 40*o**2 + 34*o**2 - 76*o**2 + 3*o**3. Determine s(2).
14
Let f(o) = -o + 1. Let p(g) = g. Let v be p(1). Suppose v = 2*z - 1, -3*z = 4*a - 19. Give f(a).
-3
Let z(h) = -2*h - 139*h**2 + 3 + 138*h**2 + 0. Let s(v) be the first derivative of -v**2/2 - 4*v + 6. Let t be s(-6). Determine z(t).
-5
Let f be -5 + 61/21 - (-6)/63. Let j(h) = -h + 1 - 5*h**2 - 3*h**2 + 4*h**2. Give j(f).
-13
Let y(h) be the third derivative of h**6/30 - h**5/30 - h**4/24 - h**3/6 + 52*h**2. What is y(2)?
21
Let k be 2*(-1)/11 - (-123)/11. Let r(b) = 10*b + k*b - b**2 + 7*b - 22*b + 10. Determine r(8).
-6
Let v(x) = -25*x + 11. Suppose i - 5 = 4. Let t(w) be the first derivative of -6*w**2 + 5*w - 13. Let q(f) = i*t(f) - 4*v(f). Determine q(1).
-7
Let d(n) = -n**2 + 7*n + 1. Suppose g - 2*g + 26 = 4*c, -2*c = -5*g - 2. Let i be d(c). Let y(q) = q + 5. Calculate y(i).
12
Let a(n) be the first derivative of -n**2 + 11*n - 405. Give a(10).
-9
Let o = 39 - 40. Let b(d) = -d - 1. Let i(s) = -s**2 + 10*s + 6. Let n(a) = o*i(a) - 5*b(a). Give n(4).
-5
Let l(q) = 63*q + 7 - q**2 - 121*q + 63*q. Give l(6).
1
Let h(c) = c**3 - 3*c**3 + 1 - 2*c**2 + c**3 + 2*c**3 - 2*c. Let g(y) be the second derivative of y**4/12 - 5*y**3/3 + 6*y**2 + 5*y. Let u be g(9). Give h(u).
4
Let u = 128 + -126. Let v(d) = 3*d**u + 2*d**2 - 3298*d**3 - 1 + 3297*d**3 + d. Give v(3).
20
Let o(l) = l**2 - 5. Suppose -2*s + 44 = -5*p, 5*s + p - 66 + 10 = 0. Let x(n) = n**2 - 9*n - 36. Let g be x(s). Give o(g).
-5
Let g be 14/(-77) + (-171)/(-33). Suppose 20 = g*c, -2*b + 3*c - 6*c + 12 = 0. Let d(f) = 0*f**3 + b*f**3 + 0*f**3 - f**3 - 3*f - 3 - f**2. Calculate d(-2).
7
Suppose -m = -5*m + 332. Suppose -m*w = -86*w + 9. Let y(x) = -7*x + 4. Calculate y(w).
-17
Suppose w - 9 = 5*a, -w - 7 - 11 = 4*a. Let q = -6 + 8. Let p(r) = -r**q + 13 - 7 - 6*r + 2*r. Give p(w).
-6
Let l(q) = 11*q**2 + 40*q + 18. Let b(w) = 4*w**2 + 14*w + 6. Let v(f) = 17*b(f) - 6*l(f). Determine v(-3).
18
Suppose 0 = 4*h - 55 + 23. Suppose -11*u + h*u = -6. Let s(m) = 4*m - 4 + u - 6 + 4 + m**2. Determine s(-6).
8
Let x be (-105)/(-2)*10/15. Let l = 57 - x. Suppose 5*b - j = -17, 0 = 4*b + 4*j - 2*j + l. Let m(i) = -i + 4. Calculate m(b).
8
Suppose 0 = -2*s, -m + 6 + 1 = 2*s. Let z(q) = -q**2 + 9*q - 6. Determine z(m).
8
Let l = -419 + 413. Let i(j) = 9 - 3*j - 2 + 4*j. What is i(l)?
1
Let y be (-46)/8 + (-1)/4. Let q(j) = -13*j - 11 + 8 + 2*j + 12*j. Calculate q(y).
-9
Let f(r) = 7*r - 47. Let q(v) = -16*v + 108. Let x(b) = 9*f(b) + 4*q(b). Let h be (-1 - -1)*1/2. Calculate x(h).
9
Let k(w) = -5*w**2 + 8*w - 4. Let v(l) = -4*l**2 + 6*l - 3. Let n(h) = -5*k(h) + 6*v(h). Let z be 2*(1 + -1 - -1). Let c = z + 1. What is n(c)?
-1
Let k(m) = -1 - 5*m - 3 + 11. Let d(b) = -2*b + 3. Suppose -3*t = -3*y + 3, 0 = -3*t + 5*y - 16 + 3. Let n(p) = t*k(p) - 9*d(p). Give n(-1).
3
Suppose 2*j = -3*j + 80. Let p = -10 - -15. Let q(k) = p*k + 20 - 2*k - j. Give q(-4).
-8
Let g(c) = c + 3. Let s(j) = -j**3 - 16*j**2 - 16*j - 17. Let a be s(-15). Let v be a*(-148)/104 - 8/(-52). What is g(v)?
6
Let v(n) = -7*n**2 + n. Suppose -5*d - 6*i + 5 = -2*i, -3*i = 0. Calculate v(d).
-6
Let q(g) be the third derivative of g**5/60 - 3*g**4/8 + 7*g**3/3 + 19*g**2. Let n be q(7). Let j(p) = p**3 - p + 2. Give j(n).
2
Let x(g) = -27*g - 4 - 5 + 11. Determine x(1).
-25
Let v(a) = -a**3 + 3*a**2 - 3*a + 1. Let t(w) = w**2 + 6*w + 1. Let x be t(-11). Let y = x - 54. Determine v(y).
-1
Let j(q) = -q**2 - 3*q + 2. Suppose -5*f + 2*a = 14, -3*f + 14*a - 24 = 18*a. Determine j(f).
-2
Let n(j) = j**3 - 10*j**2 + 9*j + 3. Let z be n(9). Let i(x) = 2*x + z - 2*x**2 - 1 - x**3 - 4. Give i(-3).
1
Let w(s) = s**3 + 4*s**2 - s - 2. Let u = 70 - 73. Calculate w(u).
10
Let s(h) = 3*h - 7. Let b(f) = -24*f + 57. Let w(r) = -4*b(r) - 33*s(r). Let x(i) = -i - 3. Let t be x(-6). Give w(t).
-6
Let x be 867/408 - (-1)/(-8). Let y(j) = 0 - 4*j + 0 + 2 + 4*j**2. Give y(x).
10
Let p = 3 + -7. Let y(b) = b**2 - 2*b + 5. Let q be y(0). Let v(t) = 2*t + 1 + q - 4 + 2. Determine v(p).
-4
Let j(c) = -c**3 - 5*c**2 - 4*c - 2. Let p be ((-3)/9)/(3/18). Determine j(p).
-6
Let n(s) = 4*s + 5. Let d be 30/(-4) - (-168)/(-112). What is n(d)?
-31
Suppose 7*f = 57 - 8. Let g(d) = -14 + 14 - d + 17. Calculate g(f).
10
Let k(i) = i**2 - i. Suppose 0 = 4*w - 26 - 2. Suppose 13 = 4*g + a, -4*g + a + 2*a - w = 0. What is k(g)?
2
Let c(u) be the first derivative of u**4/4 - 8*u**3/3 + 9*u**2/2 - 7*u - 76. Give c(7).
7
Let j(b) = -2*b - 5. Let d(n) = n + 3. Let a(v) = -3*d(v) - 2*j(v). Give a(3).
4
Let y = 309 + -314. Let a(r) = -7*r - 18. What is a(y)?
17
Let c(a) = 4*a**2 + a - 15*a**3 + 1 - 8*a + 45*a**3 - 29*a**3. What is c(-6)?
-29
Let g = 29 - 29. Let s(i) = 3 + 3*i**2 + i**2 + g - i - 5*i**2. Give s(-4).
-9
Let w(x) be the first derivative of x**4/4 - 8*x**3/3 + 3*x**2 + 14. Let c be 120/(-5)*(-6)/8. Let v = c + -11. Give w(v).
-7
Let f(y) = y**2 + 9*y - 2*y - 6 - 3*y. Let o(b) = -b**2 - 8*b + 28. Let c be o(-11). Let x(s) = 2*s + 4. Let z be x(c). Calculate f(z).
6
Suppose 342*q + 169 = 329*q. Let z(b) = b**3 + 13*b**2 - 10. Give z(q).
-10
Let u(w) = 7*w**3 + 5*w**2 + 15*w - 15. Let b(y) = -13*y**3 - 11*y**2 - 29*y + 29. Let q(k) = 6*b(k) + 11*u(k). Let t be 2/((-30)/(-195)) - 23. Give q(t).
-1
Let a(t) = -t**3 - t**2 + t + 1. Let s(p) = 3*p**3 + 6*p**2 - 11*p - 6. Let o(r) = -2*a(r) - s(r). Suppose -3*f = 15, -2*f = -0*u - 2*u - 2. Determine o(u).
22
Let d(u) = -u**2 - u + 3. Let q(p) = p**2 + 20*p + 47. Let h be q(-17). What is d(h)?
-9
Suppose 0 = -24*j + 122 + 46. Let m(v) = 8*v - 1. Determine m(j).
55
Let p(z) = -3*z**3 - 5*z**2 - 11*z + 4. Let s(x) = 3*x**2 - 1 - 2*x**3 - 10*x + 2 - 8*x**2 + 2. Let u(v) = -3*p(v) + 4*s(v). What is u(6)?
-6
Let l(q) = 5*q**3 + 10*q**2 - 7*q + 11. Let c(b) = 6*b**3 + 10*b**2 - 8*b + 10. Let a(v) = -6*c(v) + 7*l(v). Determine a(10).
7
Let o(n) = n**2 - n - 7. Suppose 2*h - 72 = 4*h. Let s be (-31)/(-6) - (-6)/h. Calculate o(s).
13
Suppose q + 0*q = -4, 0 = -k - 3*q - 15. Let n(b) be the third derivative of b**6/60 + b**5/20 - b**4/6 - 2*b**3/3 - 2*b**2. Calculate n(k).
-19
Let x(i) = -7*i - 1. Let f(j) = -11*j**2 - 4*j**3 + 7*j - 17*j - 1 + 3*j**3. Let v = 26 + -36. Let g be f(v). Give x(g).
6
Suppose 900*d = 902*d - 14. Let m(n) = -n**2 + 8*n + 2. Calculate m(d).
9
Suppose 0 = -181*j + 185*j - 16. Let q(o) = -o**2 + 6*o - 4. Give q(j).
4
Let w = 32 - 25. Let y = w + -11. Let l(g) = g**2 + 3*g - 1. Determine l(y).
3
Let s(r) = -4*r